he prime factors of k(m)?
7
Let q be 125*-4*(-2)/20. Suppose 4*r + q = 5*z, 2*r + 24 = -0*z + 2*z. Let l = r - -16. What are the prime factors of l?
2, 3
Suppose 0 = l + 4*p - 7, -2*p = -2*l + 4*l - 14. Suppose 4*g = -4*k - 20, -k - 3*g - 1 - 8 = 0. Let n = l + k. What are the prime factors of n?
2
Let h(z) = -z**2 + z - 1. Let w(p) = 3*p**2 - 9*p. Let t(u) = -2*h(u) - w(u). List the prime factors of t(6).
2
Suppose -15 = -8*z + 3*z. List the prime factors of z.
3
Suppose -5*c - 2*l = 2*l - 695, -2*l = 5*c - 685. List the prime factors of c.
3, 5
Let v(b) = -2*b - 6*b + b. Suppose -5*l = -1 + 6. What are the prime factors of v(l)?
7
Suppose 0*f - 3*f = -9. Suppose -32 = -v - f*y - y, 4*v - 58 = -2*y. What are the prime factors of v?
2, 3
Let t(f) be the first derivative of f**2/2 + 12*f - 1. Let d be t(-9). List the prime factors of (d/4)/((-4)/(-32)).
2, 3
Let q = -6 + 198. List the prime factors of q.
2, 3
Let a(b) = -2*b**3 - b**2 + b + 2. Let n be a(-2). Suppose 2*k = -8 - n. Let q = 15 + k. List the prime factors of q.
5
Suppose -w = -0*w - 3. Suppose -w*g + 45 = 2*g. List the prime factors of g.
3
Let p(t) = -t**3 + 6*t**2 + 4*t + 6. Let q(r) = -r - 1. Let a(m) = p(m) + 3*q(m). Suppose -2*v = 5*n + 3 + 10, -5*n = -3*v + 43. List the prime factors of a(v).
3
Suppose 4*i - 2*y - 640 = 2*y, 2*i + 4*y - 308 = 0. What are the prime factors of i?
2, 79
Suppose 18 = -3*h + 168. Let j = 25 - 21. Suppose -f + h = j*f. List the prime factors of f.
2, 5
Let r = 3 + 82. List the prime factors of r.
5, 17
Suppose -3*g + 4 = -g. Let n be 0 - (-1 - g/(-2)). What are the prime factors of 0/(-4) + n + 11?
11
Let n be (-6)/(-3) - -29*1. Suppose -2*a + 12 = 2*a + 4*c, -c = 5*a - n. What are the prime factors of a?
7
Let u = -5 - -4. Let r be 7 - (u + 4 - 1). Suppose 0 = -4*v - 2*z + 30, -2*v - r = -6*v + 3*z. What are the prime factors of v?
5
Suppose g - r - 21 = 4*r, 5*g - 3*r = 17. Let o be -3*g + 1 + 20. Suppose -6*y + 4*b + o = -y, -5*b - 14 = -2*y. List the prime factors of y.
2
What are the prime factors of (-5610)/(-39) + (-3 - 164/(-52))?
2, 3
Suppose -5*r - 2*z + 10 = 0, -5*r = -4*z + 6 + 14. Suppose -13 = -4*k + 15. Suppose r = 3*p + 4*f - 23, k*p + 4*f - 41 = 2*p. List the prime factors of p.
3
Suppose 3 = -i - 2. Let q(k) be the second derivative of -k**3/2 - k**2 + 2*k. What are the prime factors of q(i)?
13
Let r(u) = -u**3 + 5*u**2 - u + 1. Let a be r(5). Let j = 2 - a. List the prime factors of j.
2, 3
Let q = 235 + -127. List the prime factors of q.
2, 3
Let x = -55 + 91. Suppose -2*m - x = -4*m. What are the prime factors of m?
2, 3
Let u = 78 + -29. What are the prime factors of u?
7
Let g = 15 - -6. What are the prime factors of g?
3, 7
Let v = 3 - -3. Suppose -v*f + f = 3*a - 14, 2 = 2*f. Suppose 9 = t - a*g, 4*g - 5 + 39 = 5*t. List the prime factors of t.
2, 3
Let p = 141 - 44. What are the prime factors of p?
97
Let b(g) = 9*g + 5. Let j(n) = -4*n - 3. Let s(p) = -2*b(p) - 5*j(p). Let c = 5 - 1. What are the prime factors of s(c)?
13
Let b be (20/(-30))/(2/3). Let z be (1 - -1 - 1)*2. List the prime factors of (-30)/(-4) + b/z.
7
Let j(c) = 26*c - 2. Let y be j(2). Let s = -27 + y. What are the prime factors of s?
23
Suppose 0 = 4*a - 12 + 4. Suppose 84 = 5*h - 2*k, 5*h - k = a*k + 81. Suppose 4*n - h = 2*n. List the prime factors of n.
3
Let p(f) = -f**3 + f**2 - 11. Let i be p(0). Suppose -3*d - 2*v + 38 + 39 = 0, -2*v = 10. Let c = d + i. List the prime factors of c.
2, 3
Let c(h) = h**2 + 2*h - 7. Let p(v) = -2*v**2 - 5*v + 14. Let l(s) = 7*c(s) + 4*p(s). Let w be l(-7). Suppose w*r + 24 = 3*r. List the prime factors of r.
2
Let y be -2*(-2)/(-8)*-2. Let z = y + 6. What are the prime factors of z?
7
Suppose 2*h - 72 = -10. What are the prime factors of h?
31
Let s(z) = -z**2 + 5*z. Let t be s(5). Let i be -1 - (-3 - 0) - -3. Suppose 4*c - 2*l - 32 = -t*l, 2*c - i*l - 24 = 0. What are the prime factors of c?
7
Suppose -5*n = -7*n + 146. What are the prime factors of n?
73
Suppose 4*h - 102 = 2*h. Suppose -4*q - 7 = -h. What are the prime factors of q?
11
Suppose 6*g - 37 = g - t, -2*g = 5*t - 1. Suppose -5*j = 5*o - 13 + 3, -4*o + g = -4*j. List the prime factors of 12 + -1 + o*-1.
3
Let i(m) = -m**3 - 2*m**2 + 4*m + 2. Let d be i(-5). Suppose 3*p - 5*p + 3*w = d, 84 = -3*p + 5*w. Let b = -18 - p. What are the prime factors of b?
3, 5
Suppose -2*c - 4 = -6*c. Let m = 5 - c. List the prime factors of m.
2
Let o(m) = m**2 + 9*m - 11. Suppose 0 = -3*g - 4*x - 0*x - 37, 3*g = -3*x - 36. List the prime factors of o(g).
11
Suppose -5*f = -2*g + 55, 2*g + 3*g - 3*f = 147. Suppose 5*s - 3*v - g = 2*v, 0 = 2*s + 5*v + 16. What are the prime factors of s?
2
Let h = 2 + 3. Suppose -5*r + 2*y = -3*r - 38, 0 = -3*r + y + 57. Suppose u = 3*n - r, -7 = -h*n - 5*u - 2. What are the prime factors of n?
5
Let q = 10 + -10. What are the prime factors of 0 - q - (-35 - 1)?
2, 3
Let r(s) = 10*s**2 + 4*s - 5. List the prime factors of r(-6).
331
Suppose -7*z = -5*z + 4*c - 720, -z = 3*c - 355. List the prime factors of z.
2, 5, 37
Let x = 179 - 125. What are the prime factors of x?
2, 3
Let q be (0 + 5)*((-4)/(-4) + -6). Let d be (0 + 2)/(4/(-30)). Let b = d - q. List the prime factors of b.
2, 5
Let t(b) = -6*b + 16. List the prime factors of t(-10).
2, 19
Let r(x) = 11*x - 3. Let w be r(-2). Let f = w + 54. List the prime factors of f.
29
Suppose 0 = 3*b - 4*h - 631, -5*b + 0*b - 3*h = -1013. List the prime factors of b.
5, 41
Let w(j) = -j**2 - 2*j + 5*j - 2 + 3*j. Let m be w(6). List the prime factors of (-2 + m)*(-10)/8.
5
Let z(n) = -5*n - 9. List the prime factors of z(-4).
11
Let q = 130 - 91. List the prime factors of q.
3, 13
Suppose 106 + 115 = r. List the prime factors of r.
13, 17
Suppose 10 = -2*b + 7*b. Suppose 2*i + 116 = 5*r, 3*r = -0*r - b*i + 60. What are the prime factors of r?
2, 11
Let b(j) = j**3 + 10*j**2 + 4*j - 1. Let x be b(-8). Suppose x = 4*d + d. List the prime factors of d.
19
Let y(m) = -4*m**2 + 2*m**3 + 4 - 1 - m**3. Let q be y(4). Suppose 3*s + 2*x - 32 = 0, 5*s + 2*x = q*x + 36. List the prime factors of s.
2
Let b = -40 - -20. Let t = b - -28. Suppose p = -4*i - 6, 0 = -6*p + p - i + t. List the prime factors of p.
2
Let a(x) = -x**3 - x**2 + 3*x - 3. Let m be a(-3). Suppose 4*l - m - 10 = 0. Suppose 2*f - l = 0, 2*f = -4*k + 2 + 10. List the prime factors of k.
2
Suppose 4*m + 4*q = -3 + 31, 4*m - 5*q - 10 = 0. Suppose -25 = -m*n + 5*i, n - 2*n - 4*i = -30. List the prime factors of n.
2, 5
Suppose 3*g = -2*b + 5*b - 570, g + 2 = 0. What are the prime factors of b?
2, 47
Suppose 0 = -3*h - 5*c - 46, -h + 2*c - 87 = 4*h. Suppose -4*g = 2*t - 108, 6*g - 4*t = 5*g + 27. Let u = g + h. List the prime factors of u.
2, 5
Suppose -2 = -5*j + 2*x - 39, 3*j = 2*x - 23. Let t = j + 11. Suppose -21 = -7*z + t*z. List the prime factors of z.
7
Let f(y) = -y**3 + y**2 + 93. Let x be f(0). Suppose -x = -5*v + 42. List the prime factors of v.
3
Let d(z) = -z**3 + 2*z + 1. Let q be d(-2). Suppose 3 = q*c - 57. List the prime factors of c*6/(-27)*-3.
2
Suppose 8*h - 7*h - 40 = 0. What are the prime factors of h?
2, 5
Let l(g) be the third derivative of -g**6/120 + g**5/20 - g**4/6 + g**3/3 + 3*g**2. Let m be l(2). List the prime factors of ((-24)/(-10))/(m/(-10)).
2, 3
What are the prime factors of ((48/15)/(-4))/((-4)/330)?
2, 3, 11
Let o = -7 + 14. Suppose 3*g = o + 59. What are the prime factors of g?
2, 11
Let o be 27/(-3)*4/6. What are the prime factors of (-182)/(-21) + (-2)/o?
3
Let j(s) = s**2 + 4*s + 2. Let w be j(-3). Let q(t) = t**2 + 6*t - 2. Let i be q(-7). What are the prime factors of i/((w - -2)/1)?
5
Let c be (2/3)/(4/6). Let l be (21 + c)*(-1)/2. Let p = l + 22. What are the prime factors of p?
11
List the prime factors of (-2124)/(-15) - 4/(-10).
2, 71
Let o = -3 + 9. Suppose 2*s + 5*z = 29, 2*z - 14 - o = -2*s. What are the prime factors of s?
7
Let o = -11 + 92. List the prime factors of o.
3
Let r be (-25)/9 + 4/(-18). List the prime factors of (-24)/4*8/r.
2
Suppose 4*f + 5*i + 25 = 74, -3*f + i = -13. Let x = f - 4. Suppose 0 = -x*v + 10 + 2. List the prime factors of v.
2, 3
Let o(x) = -8*x + 7. List the prime factors of o(-5).
47
Let w(n) = -10*n + 8. Let j(o) = 3*o - 3. Let b(s) = -7*j(s) - 2*w(s).